te (10 - 18) + -444 + 438.
-14
What is -92 + -4 - (5 - (-4 + -9 + 6 + 12))?
-96
Calculate 1 + 5 - (-102 - -23 - -93).
-8
What is the value of -50 - ((-2 - -1) + -1 + -4 + -98 + 102)?
-48
Evaluate 10 - (-18 + 10 + (6 - 14)).
26
28 + -46 + 25 + -5 + 60
62
What is 4 + 3 + 0 - (3 + (12 - -2))?
-10
What is the value of 10 + (31 - (23 - -33)) + 0?
-15
-34 - (18 + -11 + -9 + -5 - 1)
-26
What is the value of -14 + -5 + 15 + (-5 - 1) - -14?
4
What is (5 - (6 - 9)) + -24 + (-94 - -42)?
-68
Evaluate (-3 - (0 + 13) - 2) + 7.
-11
What is (34 - 68 - -54) + 0 + -20?
0
What is 47 + (-32 - -3) + -45 + -27?
-54
What is -380 - -467 - (1 - -51)?
35
What is the value of 18 + (0 - (-33 + 14 + 9))?
28
What is (-20 + 62 - 13) + 85 + -84?
30
Calculate ((-1 - -1) + -14 - 11) + (-28 - -44).
-9
-26 + (31 - -1) + (526 - 508)
24
Calculate -2 + -4 + -4 + 13 + -8 - -24.
19
What is 22 - (46 - (-9 + 32 + -31))?
-32
What is the value of 23 + (-84 - (28 + -82))?
-7
What is the value of -15 + (-12 - -26 - (-7 - 0) - -2)?
8
(-14 - 18) + (1 - -6) + -1
-26
126 - ((10 - -10) + 61)
45
(31 - 16 - (41 - -93)) + 25
-94
152 + -68 + (2 - -7 - (3 + 8)) + 18
100
What is the value of -4 + (-3 - -16) + -3 + (37 - 35) + -17?
-9
(1479 - 1464) + (-48 - 0)
-33
What is 104 + (-80 - -30 - (-34 - 3))?
91
Calculate 23 + (17 - (-20 - -12)) + -12.
36
-98 - -2 - (646 - 683)
-59
What is the value of -62 + -18 + (951 - 913)?
-42
What is the value of (-15 + (101 - 85) + (-7 - 0) - 33) + 0?
-39
Calculate 35 + -26 + -12 + 0 - (3 + -1).
-5
-14 + (-18 - (17 - 35)) + 40 + 3
29
Calculate -2 + -5 + 4 - (-4 - (-1 + 27) - -4).
23
Calculate -39 + -1 + -22 + 1 + (-543 - -563).
-41
Calculate (27 - (14 + -13)) + -81 + -2.
-57
-29 - (5 + -41 + 69)
-62
What is -129 + (-22 - -77) - -53?
-21
Evaluate (114 - 202) + 131 - (20 + 1).
22
Calculate -78 - -54 - (31 - 48).
-7
What is the value of (-1 + -4 + -4 + 20 + 5 - 8) + 5?
13
Evaluate -212 + 156 + (-1 + 0 - 1 - 7).
-65
Calculate -189 + 327 + -175 - (8 + (0 - -1)).
-46
Calculate 9 + -7 + -9 + (124 - 20).
97
Calculate -16 - (5 - -27) - -76.
28
(284 - 244) + (-1 - 8)
31
What is 49 - 68 - (26 - (14 + 173))?
142
What is the value of (-35 - -45) + -72 + -4 + (0 - -4)?
-62
What is the value of 0 + 1 + -1 - 18 - (-276 - -6 - -263)?
-11
Calculate 4 + -27 - (58 + -107).
26
Calculate (-4 - 35) + (1 - -4 - (18 - (5 + 14))).
-33
Calculate -31 + (65 - 56) + 54.
32
(-30 - -34 - 22) + 3 + -1 + 7
-9
Evaluate -18 + (-9 - (2 - (11 + -19))).
-37
What is the value of (0 + -1 - (72 + -69)) + (1 - (8 + -13))?
2
What is (6 + -11 - (-1 - 8 - -21)) + 32?
15
What is 19 - (-38 + -119 + 189)?
-13
Calculate 12 - (3 - (1 - -1)) - (-6892 + 6887).
16
What is 37 + 24 + -15 - (-6 + 2 + 5)?
45
What is the value of (87 - 180) + 67 + -41?
-67
Evaluate (0 - 48) + (-84 - -160) + -64.
-36
What is the value of 707 + -703 - (48 - 1) - (-11 - 1)?
-31
What is (0 + -8 - (-79 + 70)) + 1 + (-3 - -3)?
2
Evaluate 9 + (8 - 8) + -14 + 3 + (1 - 10).
-11
What is -794 - -761 - (0 + -34)?
1
What is -35 - ((57 - 113) + 58)?
-37
Calculate 18 + 65 - (-3 - -22).
64
What is the value of 97 - (-12 - (-11 + 1 + (1 - -6 - -3)))?
109
0 - ((9 - 0) + (-13 - -3)) - 0
1
10 + 10 + -23 - 4 - (64 - -7)
-78
What is (-71 - ((-15 - -24) + -15)) + 7?
-58
What is the value of -19 + 120 + -106 + -2 + 1 + 54?
48
What is the value of -116 + -98 + 221 - (0 + -22)?
29
Evaluate 21 + -35 + 41 - 2.
25
What is -1 + (33 - 80) + 140?
92
-104 + (63 - -19) + (-3 - 46)
-71
What is -5 + -21 + 26 + -16 + 37?
21
What is the value of -5 + -6 + 11 + -9 + -2 + 14 + -5?
-2
-6 + ((11 - (33 + -9)) + 1 - -9)
-9
Evaluate (44 + (-107 - -40) - -5) + -87.
-105
-4 + -2 - (-217 + 207)
4
Evaluate -38 + (-52 - -37) + 111 + -1 + 11.
68
What is -22 + 0 + (13 - 22) + 6?
-25
Evaluate 79 + 3 - (-40 + 27 - -34 - 12).
73
Calculate 24 + (-11 - -10) + 1 + -68.
-44
What is the value of (-25 - 32) + 7 - -42?
-8
53 - (-16 + -24) - 76
17
Calculate -48 - (-1010 + 1067 + -33 + -1).
-71
What is 0 + -6 + (6 + 51 - (22 - 15)) + -17?
27
89 - (12 + 171) - -63
-31
What is -35 - -47 - (-2 - (3 - 2))?
15
-48 + 6 + 24 - -40
22
Evaluate (0 - (24 + -17)) + -26.
-33
10 + (28 - 19) - 31 - (-1 - 64)
53
What is -49 + 55 + (-5 - 29) - -9?
-19
Calculate (2 - (2 + -6 + 15 - 7)) + 2 + -40.
-40
Calculate 100 + (-72 - -11 - -6).
45
What is the value of 66 + -3 + 41 + -66 - -29?
67
Calculate (129 + -107 - (-3 + -8)) + 9.
42
Calculate -115 + 35 + (-9 + 12 - -17).
-60
What is 41 + -24 - (3 + -5 + 5 + -12)?
26
What is (5 - (8 + 24)) + 7 + 4 + 0?
-16
What is the value of 1374 + -1385 + -48 + (1 - 1) + -5 + 2?
-62
-2 + 77 - ((-10 - (-56 + 33)) + (0 - 2))
64
-28 + (158 - (39 + 62))
29
(80 - ((-37 - -15) + 8)) + -5 + -11
78
Calculate -2 + -139 - (684 - 716 - (5 - 18)).
-122
What is 17 + -4 + (-51 - -116 - (16 - 8))?
70
What is the value of -127 - (-86 - 69 - 39)?
67
What is (-26 - -122) + -21 - 38 - 52?
-15
What is the value of (3853 - 3884) + (109 - 1)?
77
2 + -3 + (-7 - (6 + -19 + 7))
-2
What is the value of (91 - -58) + -222 + (-1 + 0 - -5)?
-69
Evaluate 15 - 7 - (-102 - -34 - 9).
85
What is -1 - ((1 - 13) + 3) - (35 + -37 - 41)?
51
Calculate 0 + -56 - (826 + -746).
-136
What is the value of 51 + (23 - 11 - (4 - (-18 + 3)))?
44
Evaluate 30 - 19 - (-13 - 8).
32
Calculate 30 + 423 + -396 + -3 + -128.
-74
Calculate (3 - (6 - (5 - -12))) + -62 - -12.
-36
What is (9 - (2 + 2)) + -13 + 10 + 4 - 46?
-40
Evaluate -2 - -38 - (-456 + 479).
13
35 + (-17 - 4 - 3) - 36 - (0 - 5)
-20
What is (-27 - ((-13 - -10) + -16)) + (90 - -9)?
91
Evaluate 3 - (14 - (-11 + 0 + 7 + 14)).
-1
Evaluate 36 - (15 - 21 - 9).
51
Calculate -16 - 9 - (-1 - 65) - 1.
40
-2 + -172 + -6 + 2 + (43 - 20)
-155
Evaluate (31 - 6 - 49 - -96) + (-9 - -1) + 1.
65
(13 - 2) + (1 - 2) - (-208 + -36 + 321)
-67
-22 - ((163 - 78) + -190)
83
What is the value of 7 + (-4 - 1) + (6 - 14 - (0 - 5))?
-1
Evaluate (350 - 386 - (-4 + -9)) + (-81 - 1).
-105
What is the value of (-140 - -123) + (3 + 43 - (1 - -1))?
27
9 + -11 + -143 + (22 - -9) - -20
-94
Calculate (-26 - (-7 + 6 + 1)) + -24 + 7.
-43
Calculate (37 + -33 + -12 - -27) + -17 + (2 - -1).
5
Evaluate 7 + -16 + 16 + -43 + (1 - 4).
-39
Evaluate 128 + -174 - -37 - (-2 + -78).
71
Calculate 0 + 0 + (45 - (-62 - -73)).
34
-19 + 3 + (-60 - -54 - -21) - (1 - 23)
21
3 + (-16 - -5) + -115 - (-6 + 14 + -5)
-126
-15 - (-47 - 18) - (3 + 0) - -16
63
Evaluate (-12 - (35 + (-5 - 44))) + (-33 - -1).
-30
5 - 14 - (15 - 15) - 29
-38
Evaluate 33 + -126 - -114 - (-3 - 35).
59
128 + 7 + -24 - (61 - 35)
85
What is the value of 14 - (62 + -97 - -31)?
18
What is the value of -73 - (88 + -165) - (12 + 0) - -68?
60
What is the value of -29 + 3 + 6 - (-90 - -94)?
-24
Evaluate 12 + (39 - (0 + -5 + 13 - (-2 - -17))).
58
Calculate 0 + (-2 - -1) + (3 - -36) + 134 + -162.
10
What is the value of -89 + (-9 - -18 - -3) - (-10 - -4 - -16)?
-87
Evaluate -13 + -19 + -31 + 39.
-24
(-63 + 171 + -39 - 75) + 0 + -8
-14
Evaluate -22 + (182 - 193) + 8 + 0.
-25
What is (-2 + -17 + 15 - 43) + 21?
-26
Calculate (53 - (-56 + 66 + (5 - 7 - 3))) + -6.
42
What is the value of -10 + (11 - 9 - 9 - -8) - (91 - -20)?
-120
What is 186 + -207 - (-1 - 2 - 6)?
-12
Evaluate 10 - (-23 - -73) - -42.
2
What is (1 - -7) + -20 + 1 - (-16 - -47)?
-42
What is 14 + (-25 - -14) + 10 + -16?
-3
What is the value of 0 - 0 - (-41 - -14 - 8)?
35
-25 - -16 - (-391 - -377)
5
What is 31 + 10 + -33 + (6 + 18 - (1 - 0))?
31
What is -5 - (-6 - (-13 + 2) - (53 - (-4 + 0)))?
47
What is the value of 1 + 1 + -1 + (24 - (58 + -31)) + -17?
-19
What is the value of -6 + (4 + (-5 - -3) + -38 - (87 + -88))?
-41
What is the value of -10 + (-1 + (-11 - -20 - 6) - -4)?
-4
Evaluate (35 - (3 + -2)) + -101 + 86 + 19.
38
Calculate (1501 - 1507) + (7 - -2).
3
Evaluate 9 - ((-12 - (-8 + 1)) + (-5 - (48 + -4))).
63
Calculate (40 - (34 + -49)) + (-4 - -2 - -15).
68
Calculate 10692 - 10727 - (1 + -14 + 1).
-23
Evaluate 17 + -40 + (54 - -4).
35
What is the value of -11 + -13 + 46 + -19 + 24?
27
12 + (28 + -22 - (-7 + 2 - (4 + -105)))
-78
-144 + 38 + (-15 - -20 - -14)
-87
(19 - 175) + (401 - 289)
-44
Evaluate 9 - (-1 + 18 + (-28 - (38 - 36) - -16)).
6
What is the value of 348 - 405 - (8 - 36)?
-29
What is the value of 10 + 5 + (4 - (-4 + 14)) + -47?
-38
What is 9 - (-42 - (27 - 46))?
32
Calculate (-1 - -3) + (2 + -9 + 20 -